*t - s*t. Give k(4).
-1
Suppose -2*z - z - 22 = 5*q, 0 = -5*z + 5. Let b(f) = -2*f - 6. Give b(q).
4
Let o(f) = 8*f**2 - 5*f - 11. Let n(w) = 3*w**2 - 2*w - 4. Let x(r) = 11*n(r) - 4*o(r). What is x(4)?
8
Let a(i) = -i**3 + 3*i - 3*i + i + i**2 + 6. Let o(s) = 0*s**2 - 5 - 2*s**2 + s**2 + 0*s**2 - 6*s. Let d be o(-5). Determine a(d).
6
Let b(q) = 1561*q**2 - 1562*q**2 + 0*q + 3*q. What is b(3)?
0
Suppose 8 = r + r. Suppose r*c - 10 = -5*o, -2*o + 0 = -2*c - 4. Let p(k) = 0 - 8*k + 4 - o*k - 3. Determine p(-1).
11
Let n(a) = 18*a**2 - 2. Let x(o) = -9*o**2 + 1. Let z(s) = 3*n(s) + 7*x(s). Determine z(1).
-8
Let l be (28/42)/((-2)/(-12)). Let f(y) = 0*y**2 - l*y + 2*y + y**3 - y**2 - 2*y**3. Calculate f(-2).
8
Let z(l) = 2*l**2 - 2*l - 1. Let r be z(2). Let v(k) = -2 + 0 + 6*k - r*k. Suppose i - 5*i = 8. Give v(i).
-8
Let g = -8 + 14. Let w = 9 - g. Let a(f) = -3*f + f + 7 - 2 + w*f. Calculate a(-3).
2
Let t(z) = -z**3 + z + 5. Let b be 0*((-21)/6)/(-7). What is t(b)?
5
Let p(i) be the first derivative of 1/3*i**3 - 5 + 1/2*i**2 - 13*i. What is p(0)?
-13
Let s(q) = -q + 1. Let b be s(0). Let n(w) = b - 1 - 6*w**2. Let l = 1 + -2. Calculate n(l).
-6
Let u(t) = -2*t - 3*t + 7*t - 1 - 3*t. Give u(-2).
1
Let j(q) be the third derivative of -q**5/60 - 3*q**4/8 - 5*q**3/6 + 9*q**2. Calculate j(-6).
13
Let q(a) be the second derivative of a**5/20 - a**4/6 + a**3/6 - a**2/2 + a. Let w be (-4)/(-12) + (-25)/(-15). What is q(w)?
1
Let t(g) = g**3 - 6*g**2 + 4*g - 4. Let l(o) = -o**3 - 7*o**2 + 9*o + 13. Let i be l(-8). Determine t(i).
-9
Let a = 1 + 0. Let z(o) = -4*o + 5*o + 6*o + a. Determine z(1).
8
Let o be (-1)/(-2) - 5/10. Suppose -2*n + 6 = -r, -7*r + 3*r + 5*n - 9 = o. Let a(m) = m**3 - 3*m**2 - 6*m + 4. Determine a(r).
-4
Let i(a) = 2*a + 20. Let h be i(-14). Let b(n) = -n**3 - 9*n**2 - 10*n + 4. What is b(h)?
20
Let y(b) = -10*b + 7. Let j(t) = 7*t - 5. Let v(d) = -7*j(d) - 5*y(d). Determine v(5).
5
Let k = 8 - 5. Let p(q) = -3*q**2 + k*q - q + 3 - 2. Suppose 3 - 4 = b. Calculate p(b).
-4
Let x = -4 - 0. Suppose 0 = 3*c - 8 - 19. Let q(f) = 2*f - 7. Let g(s) = s - 3. Let l(i) = c*g(i) + x*q(i). Calculate l(5).
6
Let j be 7/3 + (-1)/3. Suppose -2 + 7 = 5*m. Suppose -x = -j + m. Let y(s) = -s + 2. Calculate y(x).
1
Let k(h) be the first derivative of -h**4/4 - 5*h**3/3 - h**2/2 + 3*h + 8. Calculate k(-5).
8
Suppose 3*j - 5*j = -10. Let d(k) = 3*k + j*k - 9*k - 2. Give d(6).
-8
Let l(x) = x**2 - 5*x - 8. Let j be l(7). Let d = j - 4. Let z(k) = -22*k - k**2 - 2 + 4*k**2 + 23*k - 2*k**3. What is z(d)?
-4
Let q be 2 + 4 + (-2 - 0). Suppose q*v - 8*p = -4*p + 16, -v + 2*p = -6. Let y(d) = 0 + 2*d - 5 + 4 - 2*d**v. What is y(1)?
-1
Let t be 9/6*-1*2. Let h = -6 - t. Let b(r) be the third derivative of r**6/120 + r**5/20 - r**3/2 - 4*r**2. What is b(h)?
-3
Let g = -4 - -8. Let y(h) = 0 + 3 + h - h**2 - g - 2*h**3. Give y(1).
-3
Let f(y) = -y**2 + 5*y - 3. Let w be f(3). Let p(i) = -3*i**w + 1 - 4*i**2 + 2*i - 3*i + i**3 - i. Calculate p(-2).
5
Let g(z) = 0*z**2 + 6*z**3 + 9*z**3 - 19 + 8*z**2 + 7*z - 4*z**2. Let k(j) = -7*j**3 - 2*j**2 - 3*j + 9. Let v(b) = -6*g(b) - 13*k(b). What is v(-2)?
3
Let d(q) = -1 - 3*q + 1 - 3 + 16*q + q**2. Determine d(-13).
-3
Let j(x) = -x**3 + 5*x**2 + x - 2. Suppose 2*v = f + 5*v + 7, 3*f - 27 = 3*v. Calculate j(f).
3
Suppose -5 + 20 = -5*p. Let l be (p/(-2))/((-36)/48). Let m(n) be the third derivative of -n**4/8 - n**2. Give m(l).
6
Let b = 29 - 15. Suppose 4*l = m - 14, 2*m + l - b = 2*l. Suppose 10*d - 20 = m*d. Let n(h) = -3*h + 7. Give n(d).
-8
Let a(f) = f - 7. Let z(q) = -2*q + 3. Let v be z(-1). Calculate a(v).
-2
Let q(l) = l**3 - 2*l**2 - 2*l - 2. Let g(b) = 8*b**3 - 2*b + 1. Let d be g(1). Suppose 0 = 2*f - t + d, f - 4*t + 6 - 13 = 0. Let i = 8 + f. What is q(i)?
1
Suppose -i - 3*s - 9 = 0, 5*s + 22 = -3. Let k(p) = p**3 - 7*p**2 + 8*p + 1. Determine k(i).
13
Let z(i) = -6*i**2 + i + 1. Let t = 23 - 21. Give z(t).
-21
Let k = 32 + -19. Suppose 4*d + k + 7 = 0, -4*a = 2*d + 30. Let b(w) = w**2 + 7*w + 2. What is b(a)?
-8
Suppose -7*v + 175 = -0*v. Suppose -v = -3*q - 2*q. Let h(k) = -k**2 + k + 7. What is h(q)?
-13
Suppose 0*g - 2*g = -6. Let t(l) = l**3 - 4*l**2 + l + 4. Calculate t(g).
-2
Let d(k) = -k**3 + 3*k**2 + 5*k - 4. Let c be 3*(5/(-3) + 3). Let r be d(c). Suppose r = -4*n + 8*n - 12. Let o(p) = -p**3 + 4*p**2 - 4*p + 4. Give o(n).
1
Let z(x) be the third derivative of x**4/8 - x**3/3 + 17*x**2. Determine z(2).
4
Let m(a) be the third derivative of a**4/24 + a**3/6 + 32*a**2. Give m(4).
5
Let t be 520/100 - 2/10. Let y(p) = p**3 - 4*p**2 - 5*p + 6. Determine y(t).
6
Let b(c) = -c**3 - c**2 + c + 1. Let f(n) = 2*n**3 + 2*n**2 - 2*n - 11. Let v(j) = 3*b(j) + f(j). Determine v(0).
-8
Suppose 0 - 2 = -r. Let b(c) = -c - 3. Let n be b(-5). Let s(w) = -5*w**3 + w**2 + 3 + n*w - r + 4*w**3. Calculate s(2).
1
Suppose -9 = -3*k - 3*n, -2*k + 2*n + 15 = 7*n. Let y(g) = g + 11. Determine y(k).
11
Let j(v) = 7*v**3 + v**3 + 0*v**3 - v**3. Give j(-1).
-7
Let c(r) = 12*r**3 + 2*r + 1. Let b = 40 + -41. Calculate c(b).
-13
Let d(j) = 3*j**3 + 2*j**2 + 2*j + 1. Let t be d(-1). Let f(c) be the second derivative of c**4/12 + c**3/6 - c**2 - c. What is f(t)?
0
Suppose -6*j = -4 - 20. Let g(b) be the second derivative of 0 + 0*b**3 + 3*b**2 + 2*b - 1/12*b**j. Calculate g(0).
6
Let y(d) be the third derivative of -d**7/1260 + d**5/15 + 2*d**2. Let n(v) be the third derivative of y(v). What is n(-1)?
4
Let a(l) = -6*l**3 + 10*l**2 + 2*l - 11. Let r(x) = 7*x**3 - 11*x**2 - 2*x + 12. Let g(b) = 6*a(b) + 5*r(b). Determine g(5).
4
Let l(n) be the first derivative of -n**4/2 + n**3 - 3*n**2/2 + n - 1. What is l(2)?
-9
Let y(f) = -13*f**2 + 1 - 15*f**2 + 33*f**2 - 16*f**2. Determine y(1).
-10
Suppose -3*z + 6 = -z. Let n(v) be the second derivative of -v**4/12 + 3*v**2/2 + 4*v. Let r be n(z). Let k(g) = g**3 + 7*g**2 + 5*g - 1. Determine k(r).
5
Let k(u) = u**3 - 3*u**2 - 4*u. Let x(s) = 4 + 2*s - 3*s - 2*s**2 + 3*s**2. Let l be x(0). Determine k(l).
0
Let h(d) be the first derivative of -2*d**3/3 - d - 43. What is h(3)?
-19
Let h(u) be the third derivative of u**6/120 - u**5/30 + u**3/6 - 14*u**2. Let v(n) = n - 3. Let d be v(5). Calculate h(d).
1
Let c(u) = u**2 - 7*u - 3. Let q be c(8). Suppose -q - 15 = -4*m. Let i(r) = -r + 9. Determine i(m).
4
Let b(k) = -k**2 - 9*k - 8. Let f(n) = -n - 1. Let h(i) = -b(i) - f(i). Give h(-7).
-12
Suppose 4*d + 3*j - 19 = 0, -d = 2*d - 4*j - 8. Let i(g) = -d - 3*g**2 + 3*g + 1 + 1 + 1. What is i(2)?
-7
Suppose -3 = -2*x - 5. Let k = x + 3. Let p(b) = 0*b - b**3 + 6*b - 1 - 4*b - 4*b**k - 4*b. Calculate p(-3).
-4
Let z(i) = -i - 1. Let y(t) be the third derivative of t**5/60 - t**3/3 - 3*t**2. Let o(b) = y(b) + 2*z(b). Give o(4).
4
Suppose v - 5 = -u, 0 = -5*u + 5*v + 15 - 0. Let t be u/18 + 75/27. Let c(w) = -t*w + 2 + 2 + w**2 - 2. Calculate c(3).
2
Let z(t) be the first derivative of -t - 6. Let c(q) = -q + 15. Let s(p) = p - 14. Let k(w) = 6*c(w) + 7*s(w). Let u(g) = -k(g) + z(g). What is u(0)?
7
Let n(r) be the third derivative of -r**5/60 + r**4/6 + 5*r**3/6 - 2*r**2. Let t be n(5). Let z(d) = d**2 - d + 6. What is z(t)?
6
Let x(t) = 2*t**3 - 3*t**2 + t - 2. Let z = -10 - -14. Suppose -z*o + 4 = -4. Determine x(o).
4
Let v(j) = -5*j**2 - 3*j + 3. Let r(g) = -4*g**2 - 2*g + 2. Let l(b) = 4*r(b) - 3*v(b). Let c(y) = -y**3 + 3*y**2 + 2*y + 8. Let q be c(4). Calculate l(q).
-1
Suppose 0*b + 1 = -d + 5*b, -3*d + 3*b + 9 = 0. Suppose d*c = c. Let y(w) = w**3 + w + 2. What is y(c)?
2
Let m(x) be the first derivative of 3*x - 3 - 1/2*x**2. Suppose 2*p - 16 = -3*f, -5*f = 6*p - 2*p - 28. Determine m(f).
-1
Let f(l) be the third derivative of l**6/180 - l**5/120 + l**4/12 + l**2. Let t(q) be the second derivative of f(q). Calculate t(-1).
-5
Let a be (-16)/12*(-18)/8. Let f be (2 + -2)/3 - a. Let k(y) = -2*y**3 + 2 - 3 - y + 3*y**3 + 4*y**2. Give k(f).
11
Let j(t) = -4*t + 25. Let o(v) = 5*v - 25. Let l(s) = -3*j(s) - 2*o(s). Let n(f) = f - 12. Let k(g) = 2*l(g) - 5*n(g). Calculate k(0).
10
Suppose v + 1 - 3 = 0. Let i be v + (-1 - (0 - -1)). Let a(n) = -4*n + i*n - 2 + 0*n. Calculate a(-2).
6
Let t(s) be the second derivative of s**5/20 - s**4/12 - s**3/6 - s**2 + 18*s. Calculate t(2).
0
